 (3 - 16))
8
Calculate -5 + 19 + -1 + (-20 - -15) + 3.
11
Calculate (-49 - -58) + (1 - (-1 - 2)).
13
Evaluate 3 + 2 + (28 - (15 - (-9 + 18))).
27
Evaluate -6 - (7 + (7 + -6 - 12) + -2).
0
Calculate (6 - (-2 - -4)) + -14 + 12 + -4.
-2
Evaluate 32 + -24 - (-3 + 6).
5
What is the value of 16 - ((6 + -11 - -12) + -5)?
14
What is -43 - (-8 - -5 - 19)?
-21
What is the value of -69 - -96 - (23 - 2)?
6
Evaluate (6 + -11 + 9 - 4) + -8.
-8
What is the value of -5 + 8 + -16 - -10?
-3
What is the value of 40 + -65 - (-11 - 1)?
-13
53 + (13 - (56 + -9))
19
Calculate 36 + -41 + 19 + -9.
5
Evaluate (5 - 10) + (0 - -5) + -13.
-13
Calculate -1 - 11 - (-8 - -3) - (-8 + 4).
-3
Calculate 4 - (-7 + -6 + 17 - (3 - 1)).
2
Evaluate (29 - (63 + -24)) + (2 - 3) + -4.
-15
What is 1 + 9 + -16 + (18 - 29)?
-17
8 - (26 + (-8 - -17 - 4 - 14))
-9
What is the value of 4 - 13 - -15 - 18?
-12
-8 + 3 - (1 - (-4 + 5 + 7))
2
What is the value of (-12 - -5) + (2 - -1) + 2 + -14?
-16
Evaluate 30 + (-79 - -18) - -35.
4
What is the value of 276 - 276 - (-1 - -2 - 3)?
2
Calculate -23 - (0 - (38 - 20)).
-5
Calculate -4 + (41 - 11) + -29 + 13.
10
-3 + 0 + (-52 - -51) - -27
23
Evaluate -9 - (17 + -15 - (-1 - -10) - -1).
-3
What is -40 + (-5 - (-41 - -9))?
-13
-37 + -25 + 28 + 5
-29
What is -12 + 0 - (-675 - -664)?
-1
(16 - 11 - -8) + -25 + -6
-18
Calculate -23 - (-40 - (-48 - -27)).
-4
-4 + -8 + (21 - -3) + -9 + -1
2
What is 3 + -1 + (-5 - 8)?
-11
What is the value of (-47 - -55) + -2 + -4?
2
Evaluate 1 + -12 - -9 - 8.
-10
What is the value of -1 + 1 - (-1541 + 1556)?
-15
Calculate 35 - (83 + -36) - (-18 - -1).
5
Evaluate (-3 - -2) + 5 - (9 + -22 + 44).
-27
What is the value of (-36 - (-45 - 7)) + 9?
25
What is the value of 6 + (25 - 37) + 33?
27
What is 7 + (-32 - -13 - -5)?
-7
Calculate -1 + -5 - (10 + -10 - 1 - -4).
-9
What is the value of (-8 - -6 - 7 - -3) + -1 + -1?
-8
What is the value of -8 - ((-10 - -8) + (-2 - -2) - 2)?
-4
Calculate 17 + (-4 - (1 - -8)) - (-6 + 0).
10
What is the value of (16 - (-7 + 17)) + 2 + 17?
25
Calculate 566 + -557 + (-1 - 8) + 1.
1
Calculate 22 + -15 + (1 + -1 - 0).
7
Calculate -5 - (-5 + 7) - (47 + -48).
-6
What is (-29 + 33 - -6) + 0 + -8 + -1?
1
Evaluate (-44 - (-90 - -36)) + 0 + -27.
-17
16 + (10 - 23) + -20
-17
Calculate -38 - (-52 - -22) - -16.
8
What is the value of 6 + 4 + 6 + -3 - 28?
-15
Evaluate (-61 - -25 - -50) + -5 + 0.
9
What is the value of (5 + -16 + 28 - 5) + -10?
2
Calculate -7 + 8 - (20 - 6).
-13
Calculate (26 + -3 + -6 - (-1 - 3)) + -8.
13
34 + -50 + (30 - 19)
-5
What is 18 + -16 + (-1 - -2)?
3
17 - (-4 - -12) - (21 - 5)
-7
24 + 24 + 33 + -54
27
Evaluate 2 + 1 + (0 - (-5 + 13 + -6)).
1
-7 + (-2 - -11 - -7) - 2
7
Evaluate -5 - -30 - (2 - 3) - 9.
17
What is -8 + (-38 - -40) + (2 - 9) + 2?
-11
Evaluate (1 - -9) + 0 + (-462 - -456).
4
What is the value of -8 - -12 - (1 - (-3 + 0))?
0
Evaluate 0 + -10 + (630 - 636).
-16
What is -10 - (-14 + -9 + 10 + 17)?
-14
Evaluate (3 - (0 + -1)) + 14 + -25 + 23.
16
What is the value of -23 + (-39 - -23) + 21?
-18
What is (7 - 9 - -1) + 1 + -7?
-7
Evaluate -35 + 39 - (16 + -2).
-10
What is 1 - (-2 - 1) - ((-36 - -12) + 35)?
-7
What is 78 + (-58 - (3 - 17))?
34
What is 9 + (3 - 4) + -30 - (-7 - 1)?
-14
What is the value of -10 + 8 + (3 - 6) + 4?
-1
-13 - ((6 - 8) + 11 + 0)
-22
What is the value of (1 - 4) + -8 + 13 + (-6 - -14)?
10
5 + (51 + -46 - (20 + 0 + 0))
-10
(-11 - 0) + (5 - 6)
-12
What is -2 - (11 + -4 + -31 - -9)?
13
Calculate -4 + -7 + 3 + -1 + -16 + 34.
9
7 - (-4 - -2) - ((9 - 0) + 2)
-2
Evaluate -3 - ((-2 - -4) + -10 - (0 - -1)).
6
Evaluate 25 - (26 + (-52 - -25)).
26
Evaluate 5 - ((13 - 8) + -2 + 21).
-19
Evaluate -6 - -28 - (9 - 1 - -5).
9
(1 - -2 - (-34 + 31)) + 5 + 3
14
(0 + -2 - 6) + -5 + 10
-3
Evaluate (2 - -4 - 4) + (-9 - -5 - -12).
10
What is -22 - (-1 + 1 + -1 + (73 - 74))?
-20
Evaluate (6 + -18 - -5 - 0) + 9 + -2.
0
Calculate ((-15 - 0) + 5 - -33) + 6.
29
What is the value of (-22 - -6) + 9 + 0 + 10?
3
Evaluate (2 - 2) + -1 + (288 - 298) + -9.
-20
What is the value of -4 + -4 + -4 - (6 + -43)?
25
(-5 - (-14 + 16)) + 17 - 8
2
What is 0 + 3 + (-29 - (23 + -10))?
-39
What is the value of (-3 - (-3 + 12)) + 2 + -2?
-12
Calculate (-27 - -13 - -7) + (3 - (-1 + 12)).
-15
Evaluate -47 - (-49 + 10) - (19 - 0).
-27
Evaluate (-1 - (-11 + 1)) + (18 - 52) + 5.
-20
What is the value of 15 + -2 + -7 + (-4 + 8 - 17)?
-7
Evaluate (8 - 21) + -2 + 3 + -13.
-25
What is the value of -7 - (3 + (-2 - (-1 - 0)))?
-9
What is (20 - 15 - 23) + 19?
1
What is the value of 1 + 7 + 0 + 13 + -10?
11
-4 + (-4 - -11 - 11)
-8
Calculate (-23 - 53) + 75 + (6 - 0).
5
Evaluate 1 + (-22 - -5) - -9.
-7
Evaluate 35 - ((36 - 1) + -16).
16
What is the value of 97 + -61 - (0 + 8)?
28
What is the value of -2 + -1 - (-131 + 103)?
25
Calculate 11 + (-9 + -10 + 29 - (-1 - 15)).
37
What is the value of (8 - 20) + 7 + (2 - 4) + 6?
-1
What is 4 + 19 + 4 + -9 + 0 + -4?
14
Evaluate -13 + 21 - (3 + 2).
3
What is the value of 40 - 0 - (-197 - -218)?
19
Evaluate -37 - (-61 - -12) - 31.
-19
What is the value of 13 + -12 + 10 + (-5 - 0) + -8?
-2
What is 13 + 0 + (0 - -3 - (-66 + 71))?
11
What is the value of -1 - (-10 + 10 + 1) - 0?
-2
Evaluate 2 - ((5 - 8) + 1 + (1 - 1)).
4
What is the value of -4 - -3 - -5 - -3?
7
What is the value of 5 - ((-4 - (1 + 0)) + -302 + 310)?
2
What is the value of 20 + (-15 - 27) + 54?
32
What is 17 - (4 - -8) - -8?
13
What is the value of -10 + 5 + 5 - (-2 + 13 - -1)?
-12
Evaluate (2 + 2 - (-11 - -17 - 9)) + 16.
23
What is the value of 8 + (-6 + -1 - -7) + 7?
15
What is (56 - 8) + -63 - (3 - -1)?
-19
(-2 - 4) + 1 + (0 - -8) - -7
10
Evaluate 18 + (14 - 15 - (-14 - -24)).
7
What is 9 - (1 + 10 + -11) - (3 - 0)?
6
-27 - (8 + -26 - -5)
-14
What is the value of (-4 - (-5 + -1 + -7 + -3)) + 2?
14
Calculate 22 + -12 - (0 + 13).
-3
Evaluate 2 + 10 - (-2 + 7) - 15.
-8
-4 + 7 + -1 - (-2 - -5 - -2)
-3
Calculate (5 - -10) + (-8 - (-2 + -4)).
13
What is -2 - (2 + -17) - (104 + -66)?
-25
5 + (3 - 4) + -2 + (236 - 226)
12
-4 - (-10 - -10) - -11
7
5 + (-6 - (5 + -20 + 3) - 11)
0
Evaluate -26 + 18 + (0 - 3).
-11
What is -14 + (4 - (-3 + 5 + -1)) + 3?
-8
Evaluate -1 + 9 + 31 + -13 + -14.
12
Evaluate -24 + (-39 + -4 - -29).
-38
Evaluate 6 - (18 - (-8 + 13)) - -9.
2
Calculate 34 - 20 - (22 + -6).
-2
What is the value of -5 + -4 + 1 + (-4 - 11 - -9)?
-14
Calculate 38 - 55 - (2 - 7).
-12
What is the value of 20 - 0 - (863 - 822)?
-21
What is the value of (47 + -52 - (-5 - 0)) + 6?
6
Evaluate 9 - (5 + -4 + 3 + 6).
-1
What is 1 - (-8 + 9) - (0 + 5 + 9)?
-14
(17 - (21 - 9)) + -6 - -11
10
Evaluate (1 - (-6 + 1)) + (-207 + 172 - -16).
-13
-6 + 2 + -8 - 4 - -12
-4
What is (-11 - (2 - 2)) + 14?
3
What is -13 + 6 + -5 + (6 - -2)?
-4
Calculate 17 - (1 - (4 + -9)) - -2 - 5.
8
1 + 43 - (13 - (-1 - -15) - -9)
36
Calculate 7 - (8 - -7) - -8 - 7.
-7
What is the value of 9 + -9 - (0 - -7)?
-7
What is the value of 10 + -3 + 0 - (20 - 5)?
-8
Evaluate -20 + -14 + 44 + -21.
-11
What is the value of 47 + -29 + (2 - 0) - 7?
13
(2 - 0) + -17 + (-294 - -293)
-16
What is the value of 12 - (24 + -29) - 24?
-7
Evaluate 14 - (18 + (-2 - -5 - (2 - -11))).
6
What is -9 + 4 + (2 - (-5 + 3))?
-1
-1 + 11 + (9 - (10 - -13 - 10))
6
(8 - (-6 + 7)) + (24 - 21)
10
Calculate -13 + (30 - 1 - 8).
8
Evaluate (7 - -9) + -1 + (-9 - -4).
10
Calculate 13 + -39 - -25 - (12 + 0 + 1).
-14
Calculate -11 - (4 + -4 - (-10 + 4) - 3).
-14
Calculate 4 + (-8 - -11) + -10.
-3
-25 + (-1 + 6 + 6 - 15)
-29
What is 7 - (17 - (-15 - -56 - 4))?
27
Calculate 1 - (-2 + (28 - 19)).
-6
What is the value of -24 + (-15 - -12) + 10?
-17
What is 11 + -8 + -1 - 2 - 10?
-10
-44 - -51 - (-3 - -20)
-10
What is the value of (-1 - 10) + (-198 - -211) + 1 + -15?
-12
What is the value of 0 + (-35 + 21 - -3) + 5 + -1?
-7
Calculate -422 + 425 + 1 + 3.
7
Evaluate -5 - (-11 - (-3 - -9)).
12
What is 32 + -30 + 6 + 13?
21
(3 - -10) + (5 - 11) + 2 + 6
15
What is the value of 0 - -2 - -8 - (134 + -134)?
10
What is 7 + (5 + (0 - 0) + 1 - 27)?
-14
Calculate 88 + (-18 - 22) - 36.
12
What is the value of -2 - -10 - -24 - 38?
-6
Evaluate -6 - (24 + (-8 - (-13 - -13))).
-22
Calculate -10 - -16 - (3 - (0 - -11)).
14
-1 - 8 - (194 - 197)
-6
Evaluate -6 + (1 - 5 - (7 + -7 - 21)).
11
What is the value of (-3 - -5 - -3 -